11?
-10001010100001011
In base 13, what is b0 + 7?
b7
In base 6, what is 1011002 + -3?
1010555
In base 6, what is -31421 - 12?
-31433
In base 15, what is 29 - 1d3a?
-1d11
In base 14, what is 1dd3 - 16?
1dbb
In base 9, what is 6577 + -17?
6560
In base 10, what is -4 - 67691?
-67695
In base 6, what is -2 + 55032?
55030
In base 16, what is -692 - -60d?
-85
In base 15, what is 34 - c70?
-c3b
In base 10, what is -7 + -6345?
-6352
In base 9, what is -16 + -23468?
-23485
In base 15, what is -8 - -1b09?
1b01
In base 11, what is -27227 + -3?
-2722a
In base 4, what is -22122232 - 10?
-22122302
In base 9, what is 7 + 75?
83
In base 9, what is -6 + -1324?
-1331
In base 15, what is -232ab + 2?
-232a9
In base 8, what is -2 + -1371744?
-1371746
In base 7, what is 30463 + 224?
31020
In base 9, what is -566 + -583?
-1260
In base 15, what is 4 - 9c68a?
-9c686
In base 16, what is 1b18a - -3?
1b18d
In base 11, what is -1352a + 18?
-13512
In base 8, what is -175140 + 0?
-175140
In base 16, what is 4a03 + 6?
4a09
In base 8, what is -111612 - 34?
-111646
In base 16, what is 2 + 250?
252
In base 10, what is -1 + 323?
322
In base 11, what is -188 - 2876?
-2a53
In base 11, what is 68 - 30894?
-30827
In base 11, what is -16a9 + -8?
-1706
In base 3, what is 2110 + 1022212?
1102022
In base 14, what is 439 + 1?
43a
In base 16, what is 7 + -66fd5?
-66fce
In base 12, what is -349818 + 0?
-349818
In base 6, what is -405021550 - -2?
-405021544
In base 5, what is 1114023 + 2?
1114030
In base 13, what is -245c65 - -3?
-245c62
In base 15, what is -ad - -3e3?
335
In base 10, what is -223 + 8505?
8282
In base 9, what is -70161 + 3?
-70157
In base 2, what is 100000111 - 1100001?
10100110
In base 4, what is 233 - 21233?
-21000
In base 14, what is 2 - -33d48?
33d4a
In base 2, what is 1010010100010001100101 + 101?
1010010100010001101010
In base 7, what is 322550 + 5?
322555
In base 15, what is 134d + -b8?
1285
In base 4, what is -132 - 10211?
-11003
In base 3, what is -110 - -22202210?
22202100
In base 5, what is -3 + -1244003?
-1244011
In base 3, what is -111120122110 - 11?
-111120122121
In base 13, what is -220b4 - 1?
-220b5
In base 4, what is 10 + 10113210?
10113220
In base 3, what is 210 - 102122?
-101212
In base 3, what is 1101210002 - 21121?
1101111111
In base 15, what is 463 + 30?
493
In base 13, what is 16134 - -1?
16135
In base 14, what is -4 - 8277?
-827b
In base 2, what is -101011 + -100101?
-1010000
In base 7, what is 640230 - -25?
640255
In base 15, what is 1b89 - 5?
1b84
In base 5, what is -22111 + -12?
-22123
In base 3, what is 11 + -1202111101?
-1202111020
In base 10, what is -8893 + 5?
-8888
In base 13, what is -c33 + 539?
-6c7
In base 13, what is 1 + 7ac7?
7ac8
In base 10, what is 685171 + 0?
685171
In base 10, what is -7 + -1690?
-1697
In base 14, what is -4 + -8801?
-8805
In base 10, what is 38 - 108550?
-108512
In base 13, what is 2 - -45cab?
45cb0
In base 2, what is -101100010110 + 1100?
-101100001010
In base 5, what is 3044002 - 10?
3043442
In base 4, what is -11 - -102321123?
102321112
In base 8, what is 25426 + -5?
25421
In base 16, what is -93 - 9a?
-12d
In base 13, what is -3975c + -5?
-39764
In base 9, what is 6 + -114154?
-114147
In base 9, what is -3 - 627487?
-627501
In base 15, what is 1c27 + -7?
1c20
In base 7, what is -4 - -401344?
401340
In base 16, what is 1cf550 - -1?
1cf551
In base 10, what is -253 - -2737?
2484
In base 4, what is -1113 - -11210032?
11202313
In base 2, what is 100111010001011000010 + 11?
100111010001011000101
In base 3, what is 210011 + 102021?
1012102
In base 6, what is -13 + 15343?
15330
In base 4, what is 2 + 133013?
133021
In base 3, what is 10 - -102200120?
102200200
In base 3, what is 2221 + -100210121?
-100200200
In base 16, what is -38 + 2e8?
2b0
In base 7, what is -32 - 113423?
-113455
In base 4, what is -32133000 + 2?
-32132332
In base 2, what is 10110000111100101 + 0?
10110000111100101
In base 13, what is -42 + -3aa?
-41c
In base 11, what is -23447 + -2?
-23449
In base 14, what is -3 - 101d?
-1022
In base 13, what is -141b1c + -5?
-141b24
In base 13, what is -48 + -12?
-5a
In base 5, what is -322203 - 10?
-322213
In base 6, what is 5 - -11124253?
11124302
In base 5, what is 33043334 - -14?
33043403
In base 13, what is 94 - 6b7?
-623
In base 16, what is 0 + -6ebde?
-6ebde
In base 9, what is 1068643 + 3?
1068646
In base 3, what is -1110021022 + -12?
-1110021111
In base 11, what is -1368 - -222?
-1146
In base 9, what is -7 - 82578?
-82586
In base 4, what is -112 - -122322?
122210
In base 4, what is 310332 + 10322?
321320
In base 5, what is -1122 + -24133?
-30310
In base 15, what is -cc6c3 - 3?
-cc6c6
In base 5, what is 21004423 - 3?
21004420
In base 7, what is 2 + 3406330?
3406332
In base 7, what is -3522133 + -1?
-3522134
In base 8, what is -4 - 105277?
-105303
In base 7, what is 230 - 41445?
-41215
In base 4, what is 3 + -20330012?
-20330003
In base 6, what is 41 + -152?
-111
In base 6, what is -322 + 54513?
54151
In base 10, what is 3 - 10709?
-10706
In base 14, what is 70 + -3126?
-3096
In base 11, what is -5891 - 3?
-5894
In base 7, what is -100122 - -142?
-66650
In base 12, what is -621 - -230?
-3b1
In base 16, what is -5cb + 112?
-4b9
In base 5, what is 204 + 13?
222
In base 4, what is -30000 + -232?
-30232
In base 2, what is 0 + -100001000010101110110?
-100001000010101110110
In base 5, what is -23 + 444242?
444214
In base 4, what is -1012003 + 22203?
-323200
In base 12, what is 1 - -3033?
3034
In base 9, what is 25675 + 1?
25676
In base 5, what is -1123 + -311?
-1434
In base 9, what is -3 + -15460?
-15463
In base 9, what is -3 + 244737?
244734
In base 12, what is -3704b - -9?
-37042
In base 8, what is -11 - -7233?
7222
In base 14, what is a1 + -563?
-4a2
In base 5, what is 221114 - 0?
221114
In base 3, what is 1012100 + -21101?
220222
In base 11, what is 2 - -30912?
30914
In base 7, what is 2004 + -13?
1661
In base 14, what is 6b513 + 4?
6b517
In base 13, what is 2971 + 10?
2981
In base 5, what is 2 + 22001304?
22001311
In base 16, what is 2ebf + 20?
2edf
In base 14, what is -a7 + -128?
-1d1
In base 10, what is -30391 - -6?
-30385
In base 15, what is 9383 - c?
9376
In base 11, what is -5986 - 2?
-5988
In base 14, what is 1 + 2d1276?
2d1277
In base 15, what is -1d8db - 2?
-1d8dd
In base 3, what is -21 - 1001212212211?
-1001212220002
In base 3, what is 22022202201 + -11?
22022202120
In base 16, what is 19 + 131f?
1338
In base 11, what is 9a - 406?
-317
In base 2, what is 1101000100100 + 11?
1101000100111
In base 2, what is -110010110110000100101 - -11?
-110010110110000100010
In base 10, what is 4121 + 8?
4129
In base 10, what is -2 - 473935?
-473937
In base 4, what is -10 + -11222302?
-11222312
In base 12, what is 5 + 181aa2?
181aa7
In base 15, what is -1ab7 - 32?
-1ae9
In base 15, what is -4 - -706?
702
In base 10, what is -17183 - 5?
-17188
In base 10, what is 71 - 4249?
-4178
In base 13, what is -39bc - -2?
-39ba
In base 5, what is -231123311 + 3?
-231123303
In base 8, what is 1113 - 0?
1113
In base 11, what is -1225a + 1?
-12259
In base 13, what is -899 + -16?
-8b2
In base 15, what is 31 + -5aa?
-579
In base 3, what is 10212 - -2002100?
2020012
In base 8, what is -6 - 1666356?
-1666364
In base 16, what is -4 - 3ade?
-3ae2
In base 16, what is -73d03 + 2?
-73d01
In base 2, what is -101110000001101 - -10?
-101110000001011
In base 13, what is 21 - b1b?
-aca
In base 8, what is -3532 - 143?
-3675
In base 6, what is -114 - -1435132?
1435014
In base 10, what is -11449 - 5?
-11454
In base 15, what is -e0c - 4?
-e11
In base 14, what is -25c73 - 2?
-25c75
In base 2, what is -1111001001 + -1001010?
-10000010011
In base 12, what is -33 + -64640?
-64673
In base 10, what is -42869 - 10?
-42879
In base 13, what is -519 - -269?
-280
In base 3, what is 10121211 + 210112?
11102100
In base 5, what is 14320312 + -12?
14320300
In base 15, what is -ca4e7 - 5?
-ca4ec
In base 14, what is 1 - -4d0d?
4d10
In base 4, what is -1102312223 + 1?
-1102312222
In base 5, what is -4102 + -2203?
-11310
In base 9, what is 30 + 4771?
4811
In base 5, what is 1104144 - -10?
1104204
In base 15, what is -1d213 + 3?
-1d210
In base 16, what is 107fc - -2?
107fe
In base 6, what is 2 - 13352?
-13350
In base 3, what is -1020200210 - 2?
-1020200212
In base 